t is p(6)?
26
Let f(o) = 70*o**2 - 223*o + 5. Give f(3).
-34
Let g(f) = 967*f + 4837. Give g(-5).
2
Let t(q) = 2*q**2 - 57*q + 362. Calculate t(15).
-43
Let z(l) = 22*l - 25. Calculate z(7).
129
Let h(m) = 3*m**3 + 39*m**2 - 97*m - 94. Determine h(-15).
11
Let c(w) = -w**3 - 38*w**2 + 41*w + 67. What is c(-39)?
-11
Let n(m) = -m**2 + 63*m - 345. What is n(57)?
-3
Let q(p) = 75*p - 3971. Calculate q(53).
4
Let t(p) = -6*p - 38. Calculate t(20).
-158
Let y(n) = -57*n - 2613. Determine y(-46).
9
Let a(f) = -275*f - 3479. Calculate a(-13).
96
Let s(g) = -552*g + 2188. Determine s(4).
-20
Let v(u) = -u**2 + 950*u - 8465. Give v(9).
4
Let k(z) = 27*z - 1903. What is k(65)?
-148
Let k(u) = 3*u**2 + u - 206. Calculate k(0).
-206
Let j(t) = -t**3 + 2*t**2 + 36*t - 100. Calculate j(5).
5
Let h(j) = 608*j + 43785. Determine h(-72).
9
Let p(a) = 6*a**2 + 82*a + 83. What is p(-1)?
7
Let u(y) = 4*y**2 + 55*y - 20. What is u(-14)?
-6
Let p(i) = 66*i - 1957. Give p(30).
23
Let a(p) = -p**3 - 27*p**2 - 5*p + 4. What is a(-27)?
139
Let c(d) = -2*d**2 - 1046*d - 4146. Calculate c(-4).
6
Let y(h) = -10442*h - 52206. Calculate y(-5).
4
Let o(i) = -3*i**3 - 44*i**2 - 44*i - 214. Determine o(-14).
10
Let n(c) = -46*c + 311. Determine n(5).
81
Let p(l) = 5133*l + 15380. Calculate p(-3).
-19
Let b(a) = 138*a - 495. Determine b(3).
-81
Let q(m) = m**3 + 11*m**2 + 28. Determine q(-11).
28
Let t(h) = -h**3 + 170*h - 8. Determine t(13).
5
Let d(x) = -2*x**2 + 62*x + 1896. Give d(50).
-4
Let p(a) = 14*a - 48. Give p(11).
106
Let j(d) = -760*d - 12931. What is j(-17)?
-11
Let x(v) = -14*v**2 + 7*v - 8. Determine x(-5).
-393
Let l(w) = 11*w**2 + 4*w + 45. Calculate l(-6).
417
Let z(a) = a**2 - a - 387. What is z(20)?
-7
Let j(b) = 6*b**2 + 128*b + 169. What is j(-20)?
9
Let v(y) = y**3 + 11*y**2 - 58*y - 627. What is v(-11)?
11
Let s(w) = -w**3 + 59*w**2 + 268*w - 1020. Give s(63).
-12
Let p(h) = 2*h**2 + 13*h + 16. Determine p(-11).
115
Let z(t) = -t**2 + 15*t + 27. What is z(-2)?
-7
Let z(a) = 2*a**2 + 7*a + 26. Calculate z(-13).
273
Let g(c) = 37*c + 176. Give g(8).
472
Let t(f) = 2*f**2 + 26*f - 282. Give t(7).
-2
Let t(a) = -5*a**3 - 21*a**2 + 6*a - 11. Give t(-3).
-83
Let c(f) = 2*f**3 - 20*f**2 - 20*f + 199. Determine c(10).
-1
Let o(s) = 5850*s - 35099. What is o(6)?
1
Let i(t) = -t**2 + 543*t - 4. Calculate i(0).
-4
Let g(h) = -2*h**3 + 29*h**2 - 95*h - 48. Calculate g(9).
-12
Let f(b) = 2*b**3 - b**2 - 29*b + 97. Calculate f(0).
97
Let h(w) = -110*w + 6893. Give h(63).
-37
Let b(x) = -4*x**3 + 114*x**2 - 164*x + 34. Calculate b(27).
-20
Let h(i) = -i**2 - 11*i + 214. Give h(11).
-28
Let x(a) = -3*a**3 + 31*a**2 - 15*a + 43. Calculate x(10).
-7
Let y(i) = 6*i**2 - 166*i + 1137. Calculate y(13).
-7
Let o(a) = 29*a + 102. Give o(-3).
15
Let n(f) = 3627*f - 112438. Determine n(31).
-1
Let h(o) = 21*o**3 + 10*o**2 + 5*o - 4. What is h(-1)?
-20
Let p(t) = -t**3 - 34*t**2 + 176*t + 928. Give p(-38).
16
Let w(n) = n**2 + 247*n + 1468. Calculate w(-6).
22
Let p(d) = -d**3 - 17*d**2 - 30*d - 35. Give p(-16).
189
Let d(m) = -m**3 + 2*m**2 - 7*m - 3. Give d(4).
-63
Let q(w) = -w**2 - 325*w - 11891. Give q(-42).
-5
Let c(l) = -6*l**2 - 78*l + 103. Determine c(-14).
19
Let p(z) = -40*z**2 + 12*z + 10. Give p(-1).
-42
Let k(s) = 24*s**2 - 238*s + 19. Give k(10).
39
Let a(c) = -93*c**2 + 21*c + 1. Calculate a(-1).
-113
Let h(w) = -2*w**3 + 26*w**2 - 35*w + 122. Give h(12).
-10
Let q(a) = -4*a**3 + 28*a**2 + 28*a + 16. Give q(8).
-16
Let k(z) = 66*z**3 + 3*z**2 - 2*z - 4. Calculate k(-1).
-65
Let b(w) = 1774*w - 1773. Calculate b(1).
1
Let n(m) = -m**2 + 32*m + 30. Determine n(38).
-198
Let c(a) = a**3 + 34*a**2 + 144*a - 26. Give c(-29).
3
Let k(z) = z**3 + 12*z**2 - 7*z + 14. Give k(-7).
308
Let m(b) = 2*b**3 - 97*b**2 + 242*b - 42. Give m(46).
510
Let f(p) = -12*p**3 + 3*p**2 - 35*p + 51. What is f(2)?
-103
Let x(l) = 13*l - 374. Determine x(11).
-231
Let x(z) = 4*z**2 - 194*z - 1128. Determine x(-6).
180
Let s(j) = j**3 - 11*j**2 - 104*j + 486. What is s(16)?
102
Let o(t) = 48*t**2 - 1348*t + 104. Determine o(28).
-8
Let a(r) = -4*r**2 - 48*r + 75. Calculate a(-12).
75
Let a(b) = 4*b**3 - 164*b**2 + 6*b - 97. Determine a(41).
149
Let o(v) = v**3 + 36*v**2 + 289*v + 31. Determine o(-24).
7
Let y(o) = -9*o**3 + 62*o**2 - 43*o + 344. Give y(7).
-6
Let p(d) = d**3 - 3*d**2 - 130*d - 13. Determine p(13).
-13
Let u(d) = d**2 + 29*d - 53. Give u(-30).
-23
Let r(g) = -1227*g - 33128. Give r(-27).
1
Let p(r) = r**2 + 21*r - 19. Give p(-26).
111
Let u(f) = -f**2 - 117*f - 3381. Determine u(-50).
-31
Let u(s) = -6*s**2 - 21*s. What is u(-4)?
-12
Let b(y) = -2*y - 24. Calculate b(19).
-62
Let a(y) = -2*y**3 + 30*y**2 + 13*y - 82. Give a(15).
113
Let k(y) = -y**2 + 107*y - 882. What is k(98)?
0
Let o(k) = -2*k + 39. Determine o(-10).
59
Let b(s) = -5*s**2 - 35*s - 8. Give b(-6).
22
Let q(u) = -5*u**2 + 121*u - 505. Give q(5).
-25
Let f(s) = -15*s**2 + 420*s - 6. Give f(28).
-6
Let t(s) = s**2 + 39*s + 274. What is t(-10)?
-16
Let y(h) = -1028*h - 4125. Determine y(-4).
-13
Let o(w) = 7*w**2 + 50*w + 96. What is o(-2)?
24
Let f(m) = -7*m**2 + 64*m + 174. Calculate f(-3).
-81
Let o(y) = 4*y + 136. Determine o(-48).
-56
Let i(w) = -w**2 + 22*w - 11. What is i(22)?
-11
Let n(r) = r**2 - 9*r - 7804. Give n(93).
8
Let t(h) = -8*h**2 + 73*h + 218. Calculate t(12).
-58
Let w(c) = c**3 - 16*c**2 - 16*c - 7. Determine w(15).
-472
Let a(g) = g**3 - 29*g**2 + 100*g + 9. Determine a(25).
9
Let v(c) = -73*c + 305. Determine v(4).
13
Let t(p) = 14*p - 11. Give t(3).
31
Let y(o) = o**2 - 7*o + 22. Determine y(6).
16
Let s(v) = -4*v**2 - 915*v - 913. What is s(-1)?
-2
Let r(w) = 222*w + 36402. Give r(-164).
-6
Let f(x) = -9*x**3 - x**2 + 22*x - 20. Determine f(1).
-8
Let l(z) = -z**3 - 27*z**2 - 49*z + 18. What is l(-25)?
-7
Let m(v) = -v**2 - 91*v - 251. Calculate m(-88).
13
Let i(q) = 3*q**2 + 21*q - 45. What is i(3)?
45
Let d(m) = -16*m**2 - 186*m - 318. Determine d(-2).
-10
Let p(m) = m**3 - 24*m**2 - 54*m + 63. Determine p(26).
11
Let z(f) = f**3 - 7*f**2 - 25*f + 65. What is z(9)?
2
Let m(k) = 343*k - 2492. What is m(9)?
595
Let u(d) = 27*d**2 - 69*d + 1. Give u(-1).
97
Let n(b) = -128*b + 2032. What is n(16)?
-16
Let r(o) = -361*o - 4338. Calculate r(-12).
-6
Let u(z) = z**2 - 4*z + 4. What is u(18)?
256
Let z(k) = -k**3 + k. Give z(2).
-6
Let p(v) = v**2 - 53*v + 554. Give p(18).
-76
Let q(o) = -o**2 - 21*o + 603. Give q(-37).
11
Let m(f) = -f**3 + 7*f**2 + 49*f - 245. Calculate m(7).
98
Let y(v) = 10*v - 65. Determine y(-24).
-305
Let t(b) = 4248*b + 21243. Determine t(-5).
3
Let i(z) = -595*z + 13678. What is i(23)?
-7
Let j(v) = -2*v**2 + 12*v - 3. Determine j(-4).
-83
Let l(j) = 1621*j - 4876. Give l(3).
-13
Let g(b) = 117*b + 645. Give g(-6).
-57
Let y(a) = -8*a**2 - 277*a + 2324. Give y(7).
-7
Let h(v) = 2*v**3 - 101*v**2 - 52*v + 50. What is h(51)?
-1
Let f(r) = 8*r**3 + 9*r**2 - 14*r - 38. Give f(-3).
-131
Let q(o) = 4*o**2 + 43*o + 78. What is q(-19)?
705
Let m(b) = -3*b**2 + 64*b + 803. What is m(-9)?
-16
Let l(z) = -41*z**2 + 92*z + 276. Give l(-3).
-369
Let y(k) = k**3 + 6*k + 2. Give y(0).
2
Let y(l) = l**2 + l + 55. What is y(20)?
475
Let i(t) = t**3 + 40*t**2 - 34*t + 2110. What is i(-42)?
10
Let m(v) = -24*v - 1318. Calculate m(-55).
2
Let m(o) = -2*o**2 - 57*o - 294. What is m(-22)?
-8
Let t(w) = w**3 + 27*w**2 + 67*w - 11. Give t(-25).
-436
Let d(t) = -974*t - 2923. Determine d(-3).
-1
Let s(h) = -h**3 - 43*h**2 - 24*h + 811. What is s(-42)?
55
Let f(q) = 9*q**3 - 83*q**2 + 6*q + 111. What is f(9)?
3
Let u(a) = -190*a - 12733. Determine u(-67).
-3
Let w(z) = z**3 - 32*z**2 + 38*z - 102. Calculate w(31).
115
Let x(g) = g**3 - 19*g**2 + 65*g - 13. Calculate x(13).
-182
Let s(n) = n**3 - 49*n**2 + 30*n + 864. What is s(48)?
0
Let l(g) = 2*g**2 - 40*g - 131. Determine l(23).
7
Let l(y) = -13*y**2 + 19*y + 63. Determine l(0).
63
Let z(g) = -2*g**3 + 22*g**2 - 21*g + 241. What is z(11)?
10
Let f(g) = 154*g + 5795. Give f(-37).
97
Let q(b) = -7*b + 104. Give q(0).
104
Let q(p) = 2*p**3 + 11*p**2 + 17*p + 109. Calculate q(-10).
-961
Let g(z) = -16*z**2 + 697*z - 1682. Calculate g(41).
-1
Let p(l) = -l**3 - 196*l**2 + 1627*l + 19. What is p(8)?
-21
Let l(v) = -v**3 + 10*v**2 + 23*v - 1